{"id":71,"date":"2024-02-05T17:24:28","date_gmt":"2024-02-05T17:24:28","guid":{"rendered":"https:\/\/www.brillosol.com.uy\/?page_id=71"},"modified":"2026-02-25T17:43:26","modified_gmt":"2026-02-25T17:43:26","slug":"quienes-somos","status":"publish","type":"page","link":"https:\/\/www.brillosol.com.uy\/?page_id=71","title":{"rendered":"Qui\u00e9nes somos"},"content":{"rendered":"<div class=\"elementor-element elementor-element-3a57feb elementor-widget elementor-widget-tp-heading\" data-id=\"3a57feb\" data-element_type=\"widget\" data-widget_type=\"tp-heading.default\">\n<div class=\"elementor-widget-container\">\n<div class=\"section-title\"><\/div>\n<\/div>\n<\/div>\n<div class=\"elementor-element elementor-element-838265b elementor-widget elementor-widget-heading\" data-id=\"838265b\" data-element_type=\"widget\" data-widget_type=\"heading.default\">\n<div class=\"elementor-widget-container\">\n<p class=\"elementor-heading-title elementor-size-default\"><strong><img loading=\"lazy\" decoding=\"async\" class=\"size-medium wp-image-132 alignleft\" src=\"https:\/\/www.brillosol.com.uy\/wp-content\/uploads\/2024\/02\/IMG-20240206-WA0020-226x300.jpg\" alt=\"\" width=\"226\" height=\"300\" srcset=\"https:\/\/www.brillosol.com.uy\/wp-content\/uploads\/2024\/02\/IMG-20240206-WA0020-226x300.jpg 226w, https:\/\/www.brillosol.com.uy\/wp-content\/uploads\/2024\/02\/IMG-20240206-WA0020-771x1024.jpg 771w, https:\/\/www.brillosol.com.uy\/wp-content\/uploads\/2024\/02\/IMG-20240206-WA0020-768x1020.jpg 768w, https:\/\/www.brillosol.com.uy\/wp-content\/uploads\/2024\/02\/IMG-20240206-WA0020-813x1080.jpg 813w, https:\/\/www.brillosol.com.uy\/wp-content\/uploads\/2024\/02\/IMG-20240206-WA0020.jpg 918w\" sizes=\"auto, (max-width: 226px) 100vw, 226px\" \/><br \/>\n<\/strong><\/p>\n<p><strong>Brindando Servicios profesionales de Limpieza desde 2009.<\/strong><strong>\u00a0<\/strong><\/p>\n<p>Brillosol es una empresa de servicios de limpieza integral que ofrece soluciones confiables y de calidad superior para Empresas en general, Edificios, Clientes Comerciales, Corporativos, Residenciales e Industriales, de peque\u00f1o, mediano y gran porte.<\/p>\n<p>Ofrecemos soluciones profesionales y personalizadas, ajust\u00e1ndonos siempre a las necesidades de nuestros clientes a un costo competitivo. Nuestro personal se encuentra capacitado y con gran vocaci\u00f3n de servicio, contamos con supervisi\u00f3n las 24 horas del d\u00eda los 365 d\u00edas del a\u00f1o, asegurando una respuesta inmediata a todas sus inquietudes. Asimismo contamos con maquinarias y equipos acordes a las tareas que garantizan un excelente servicio.<\/p>\n<\/div>\n<p>&nbsp;<\/p>\n<div class=\"elementor-widget-container\">\n<h3 class=\"title\">Nuestra Mision<\/h3>\n<p>Pretendemos ser una Empresa l\u00edder en calidad de los servicios brindados, competitiva, confiable, rentable, contando con la ultima tecnolog\u00eda, y sobre todo, con un equipo humano comprometido e identificado con los objetivos de la Empresa, priorizando siempre colmar y superar las expectativas de los Clientes.<\/p>\n<h3 class=\"title\">Nuestra Vision<\/h3>\n<p>Brindar soluciones efectivas y profesionales en materia de Higiene Integral, acompa\u00f1ando y colaborando en el crecimiento y desarrollo de nuestros Clientes. Orientados a Empresas en General, \u00c1rea Financiera , Instituciones Educativas, Sector de la salud, Plantas de elaboraci\u00f3n Farmac\u00e9utica, Industrias Alimenticias, Grandes Superficies, Exposiciones y Eventos.<\/p>\n<p>&nbsp;<\/p>\n<p><strong>NUESTRO EQUIPO<\/strong><\/p>\n<p class=\"elementor-heading-title elementor-size-default\"><img loading=\"lazy\" decoding=\"async\" class=\"alignnone wp-image-406\" src=\"https:\/\/www.brillosol.com.uy\/wp-content\/uploads\/2026\/02\/1a-300x218.png\" alt=\"\" width=\"955\" height=\"694\" srcset=\"https:\/\/www.brillosol.com.uy\/wp-content\/uploads\/2026\/02\/1a-300x218.png 300w, https:\/\/www.brillosol.com.uy\/wp-content\/uploads\/2026\/02\/1a-768x557.png 768w, https:\/\/www.brillosol.com.uy\/wp-content\/uploads\/2026\/02\/1a.png 992w\" sizes=\"auto, (max-width: 955px) 100vw, 955px\" \/><\/p>\n<p><img loading=\"lazy\" decoding=\"async\" class=\"alignnone wp-image-407\" src=\"https:\/\/www.brillosol.com.uy\/wp-content\/uploads\/2026\/02\/1b-300x213.png\" alt=\"\" width=\"545\" height=\"387\" srcset=\"https:\/\/www.brillosol.com.uy\/wp-content\/uploads\/2026\/02\/1b-300x213.png 300w, https:\/\/www.brillosol.com.uy\/wp-content\/uploads\/2026\/02\/1b.png 506w\" sizes=\"auto, (max-width: 545px) 100vw, 545px\" \/><\/p>\n<p>&nbsp;<\/p>\n<p>&nbsp;<\/p>\n<p>&nbsp;<\/p>\n<\/div>\n<\/div>\n","protected":false},"excerpt":{"rendered":"<p>Brindando Servicios profesionales de Limpieza desde 2009.\u00a0 Brillosol es una empresa de servicios de limpieza integral que ofrece soluciones confiables y de calidad superior para Empresas en general, Edificios, Clientes Comerciales, Corporativos, Residenciales e Industriales, de peque\u00f1o, mediano y gran porte. Ofrecemos soluciones profesionales y personalizadas, ajust\u00e1ndonos siempre a las necesidades de nuestros clientes a&hellip; <br \/> <a class=\"read-more\" href=\"https:\/\/www.brillosol.com.uy\/?page_id=71\">Leer m\u00e1s<\/a><\/p>\n","protected":false},"author":1,"featured_media":236,"parent":0,"menu_order":1,"comment_status":"closed","ping_status":"closed","template":"","meta":{"footnotes":""},"class_list":["post-71","page","type-page","status-publish","has-post-thumbnail","hentry"],"_links":{"self":[{"href":"https:\/\/www.brillosol.com.uy\/index.php?rest_route=\/wp\/v2\/pages\/71","targetHints":{"allow":["GET"]}}],"collection":[{"href":"https:\/\/www.brillosol.com.uy\/index.php?rest_route=\/wp\/v2\/pages"}],"about":[{"href":"https:\/\/www.brillosol.com.uy\/index.php?rest_route=\/wp\/v2\/types\/page"}],"author":[{"embeddable":true,"href":"https:\/\/www.brillosol.com.uy\/index.php?rest_route=\/wp\/v2\/users\/1"}],"replies":[{"embeddable":true,"href":"https:\/\/www.brillosol.com.uy\/index.php?rest_route=%2Fwp%2Fv2%2Fcomments&post=71"}],"version-history":[{"count":23,"href":"https:\/\/www.brillosol.com.uy\/index.php?rest_route=\/wp\/v2\/pages\/71\/revisions"}],"predecessor-version":[{"id":409,"href":"https:\/\/www.brillosol.com.uy\/index.php?rest_route=\/wp\/v2\/pages\/71\/revisions\/409"}],"wp:featuredmedia":[{"embeddable":true,"href":"https:\/\/www.brillosol.com.uy\/index.php?rest_route=\/wp\/v2\/media\/236"}],"wp:attachment":[{"href":"https:\/\/www.brillosol.com.uy\/index.php?rest_route=%2Fwp%2Fv2%2Fmedia&parent=71"}],"curies":[{"name":"wp","href":"https:\/\/api.w.org\/{rel}","templated":true}]}}